{"id":7390,"date":"2020-02-19T10:39:40","date_gmt":"2020-02-19T09:39:40","guid":{"rendered":"http:\/\/www.jola-moda.pl\/salony-w-polsce\/"},"modified":"2020-02-27T07:47:52","modified_gmt":"2020-02-27T06:47:52","slug":"%d1%81%d0%b0%d0%bb%d0%be%d0%bd%d1%8b-%d0%b2-%d0%bf%d0%be%d0%bb%d1%8c%d1%88%d0%b5","status":"publish","type":"page","link":"https:\/\/www.jola-moda.pl\/ru\/%d1%81%d0%b0%d0%bb%d0%be%d0%bd%d1%8b-%d0%b2-%d0%bf%d0%be%d0%bb%d1%8c%d1%88%d0%b5\/","title":{"rendered":"\u0421\u0430\u043b\u043e\u043d\u044b \u0432 \u041f\u043e\u043b\u044c\u0448\u0435"},"content":{"rendered":"<p>[et_pb_section fb_built=&#8221;1&#8243; fullwidth=&#8221;on&#8221; admin_label=&#8221;mapka &#8211; salony w polsce&#8221; _builder_version=&#8221;3.22&#8243;][et_pb_fullwidth_code admin_label=&#8221;mapka &#8211; salony w polsce&#8221; _builder_version=&#8221;3.17.6&#8243;]<iframe loading=\"lazy\" src=\"https:\/\/www.google.com\/maps\/d\/embed?mid=1ZJMYxp3-cmZY32uaS36K39JIXAx2qXjM\" width=\"100%\" height=\"500\"><\/iframe>[\/et_pb_fullwidth_code][\/et_pb_section][et_pb_section fb_built=&#8221;1&#8243; _builder_version=&#8221;3.22&#8243;][et_pb_row _builder_version=&#8221;3.25&#8243; background_size=&#8221;initial&#8221; background_position=&#8221;top_left&#8221; background_repeat=&#8221;repeat&#8221;][et_pb_column type=&#8221;4_4&#8243; _builder_version=&#8221;3.25&#8243; custom_padding=&#8221;|||&#8221; custom_padding__hover=&#8221;|||&#8221;][et_pb_text admin_label=&#8221;nag\u0142\u00f3wek &#8211; salony w polsce&#8221; _builder_version=&#8221;4.3.4&#8243; header_font_size=&#8221;36px&#8221; hover_enabled=&#8221;0&#8243;]<\/p>\n<h1>\u0421\u0430\u043b\u043e\u043d\u044b \u0432 \u041f\u043e\u043b\u044c\u0448\u0435<\/h1>\n<p>[\/et_pb_text][\/et_pb_column][\/et_pb_row][et_pb_row column_structure=&#8221;1_2,1_2&#8243; admin_label=&#8221;salony_w_polsce_aktualizacja &#8211; 02-2020&#8243; _builder_version=&#8221;4.3.2&#8243;][et_pb_column type=&#8221;1_2&#8243; _builder_version=&#8221;3.25&#8243; custom_padding=&#8221;|||&#8221; custom_padding__hover=&#8221;|||&#8221;][et_pb_text admin_label=&#8221;salony w polsce &#8211; kol. 1&#8243; _builder_version=&#8221;4.3.2&#8243;]<\/p>\n<h2>Wojew\u00f3dztwo Pomorskie:<\/h2>\n<ol>\n<li>Nowa Wie\u015b L\u0119borska, ul. Grunwaldzka 60, Salon Sukien \u015alubnych *DIANA*<\/li>\n<li>Pruszcz Gda\u0144ski, ul. Obro\u0144c\u00f3w Poczty Polskiej 1, Galeria \u015alubna * FIRST LADY *<\/li>\n<li>Sierakowice, ul. L\u0119borska 4a Salon \u015alubny * FELIS *<\/li>\n<li>S\u0142upsk, ul. Ko\u0142\u0142\u0105taja 15e, Salon Mody \u015alubnej * VERISA *<\/li>\n<li>\u017bukowo, ul.Ksi\u0105\u017c\u0105t Pomorskich 2F Salon \u015alubny *FELIS*<\/li>\n<\/ol>\n<h2>Wojew\u00f3dztwo Zachodnio-Pomorskie:<\/h2>\n<ol>\n<li>Nowogard, ul. Rzeszowskiego 10 Salon \u015alubny * SANTA *<\/li>\n<li>Szczecin, Krzywoustego 4, Salon *ADRIANA*<\/li>\n<li>Szczecinek, ul. Wyszy\u0144skiego 69A, Salon \u015alubny * E-STYL *<\/li>\n<\/ol>\n<h2>Wojew\u00f3dztwo Mazowieckie:<\/h2>\n<ol>\n<li>Gostynin, ul. Zamkowa 14a Pracownia Krawiecka * M&amp;R *<\/li>\n<li>Warszawa &#8211; Ursyn\u00f3w, ul. Belgradzka 52, Suknie \u015alubne i Wizytowe * COLLINTER *<\/li>\n<li>\u017byrard\u00f3w, ul. POW 20\/24 Salon Sukien \u015alubnych<\/li>\n<\/ol>\n<h2>Wojew\u00f3dztwo Warmi\u0144sko-Mazurskie:<\/h2>\n<ol>\n<li>E\u0142k, ul. Wojska Polskiego 12A, Salon \u015alubny * BRIDAL DREAMS *<\/li>\n<li>Olsztyn, ul. Partyzant\u00f3w 79B, Studio * ANETT *<\/li>\n<\/ol>\n<h2>Wojew\u00f3dztwo Kujawsko-Pomorskie:<\/h2>\n<ol>\n<li>Brodnica, ul. Podhala\u0144ska 18A, Suknie \u015alubne * LUCYNA*<\/li>\n<\/ol>\n<h2>Wojew\u00f3dztwo Podlaskie:<\/h2>\n<ol>\n<li>Suwa\u0142ki , ul.Utrata 2c Salon *SCARLET*<\/li>\n<\/ol>\n<h2>Wojew\u00f3dztwo Wielkopolskie:<\/h2>\n<ol>\n<li>Grodzisk Wielkopolski, ul. Bukowska 51 Salon Mody \u015alubnej<\/li>\n<li>Konin, ul. 3-go Maja 25, Centrum Mody \u015alubnej<\/li>\n<li>Leszno, ul. Wolno\u015bci 27 Salon * MODNIARSTWO *<\/li>\n<li>Nowy Tomy\u015bl, Glinno 221, Salon Mody \u015alubnej *JOANNA *<\/li>\n<li>Witaszyce, Witaszyczki 24a Salon \u015alubny * DANA *<\/li>\n<li>Z\u0142ot\u00f3w, ul. Mickiewicza 1, Salon \u015alubny * E-STYL *<\/li>\n<\/ol>\n<h2>Wojew\u00f3dztwo Lubuskie:<\/h2>\n<ol>\n<li>Gorz\u00f3w Wielkopolski, ul. \u0141okietka 32\/33 Salon Sukien \u015alubnych *LA MARIE S *<\/li>\n<li>Gubin, ul. Wyspia\u0144skiego 2F Salon \u015alubny * SEKRET *<\/li>\n<li>S\u0142ubice, Pl. Przyja\u017ani 27\/1 * SEKRET*<\/li>\n<\/ol>\n<p>[\/et_pb_text][\/et_pb_column][et_pb_column type=&#8221;1_2&#8243; _builder_version=&#8221;3.25&#8243; custom_padding=&#8221;|||&#8221; custom_padding__hover=&#8221;|||&#8221;][et_pb_text admin_label=&#8221;salony w polsce &#8211; kol. 2&#8243; _builder_version=&#8221;4.3.2&#8243;]<\/p>\n<h2>Wojew\u00f3dztwo \u0141\u00f3dzkie:<\/h2>\n<ol>\n<li>Be\u0142chat\u00f3w, Mielczarskiego 37a * Salon \u015alubny MICHALINA *<\/li>\n<li>\u0141\u00f3d\u017a, ul. P\u00f3\u0142nocna 1\/3 Salon * EVITA MARIGE *<\/li>\n<li>Rawa Mazowiecka, ul. Reymonta 4, Salon \u015alubny * ANNA*<\/li>\n<\/ol>\n<h2>Wojew\u00f3dztwo Dolno\u015bl\u0105skie:<\/h2>\n<ol>\n<li>G\u0142og\u00f3w, ul. Balwierska 19 Salon Sukien \u015alubnych * PAN TADEUSZ *<\/li>\n<li>\u015awidnica, ul. D\u0142uga 37 Salon Mody \u015alubnej i Wieczorowej * ELIN *<\/li>\n<li>Wa\u0142brzych, ul. Chrobrego 51 Salon * PARA SIEMPRE *<\/li>\n<\/ol>\n<h2>Wojew\u00f3dztwo Podkarpackie:<\/h2>\n<ol>\n<li>D\u0119bica, ul.Krakowska 7, Salon Sukien \u015alubnych * JUSTYNA*<\/li>\n<li>Le\u017cajsk, ul. Mickewicza 110A, Salon Mody \u015alubnej * JASMINA *<\/li>\n<li>Mielec, ul. Kili\u0144skiego 16, Salon Mody \u015alubnej *ANNA*<\/li>\n<li>Przeworsk, ul. \u017bytnia 49 Salon \u015alubny * PRAKTYCZNA PANI *<\/li>\n<li>Stalowa Wola, ul.Okuliskiego 60, Salon Mody \u015alubnej *ANNA*<\/li>\n<\/ol>\n<h2>Wojew\u00f3dztwo Ma\u0142opolskie:<\/h2>\n<ol>\n<li>Bochnia, ul. Bracka 10, Salon \u015alubny * ELIZA*<\/li>\n<li>Krak\u00f3w, ul. \u015aw. Filipa 6, Salon Mody \u015alubnej *EURO-MODA*<\/li>\n<li>Krak\u00f3w ul. D\u0142uga 17a, Suknie \u015alubne *SEI BELLA*<\/li>\n<li>Zakliczyn, ul. Rynek 7\/2 Salon \u015alubny * MONA LIZE *<\/li>\n<\/ol>\n<h2>Wojew\u00f3dztwo Lubelskie:<\/h2>\n<ol>\n<li>Lublin, ul. Fabryczna 3A\/10 Suknie \u015alubne * LUISA*<\/li>\n<li>Lublin, ul. Narutowicza 59 Suknie \u015alubne * LUISA*<\/li>\n<li>Kra\u015bnik, ul. Ma\u0142a 4, Centrum \u015alubne *ABC PARTY *<\/li>\n<\/ol>\n<h2>Wojew\u00f3dztwo \u015al\u0105skie:<\/h2>\n<ol>\n<li>Bielsko, ul. Piastowska 4, Salon \u015alubny * DONNA BIANCA*<\/li>\n<li>Cieszyn, ul. Trzech Braci 3\/2, Salon \u015alubny *SENSUELLE*<\/li>\n<li>D\u0105browa G\u00f3rnicza, Ul. G\u00f3rnik\u00f3w Redenu 2 Suknie \u015alubne<\/li>\n<li>K\u0142obuck, ul. Staszica 17, Salon \u015alubny *BIA\u0141A DAMA*<\/li>\n<li>Lubliniec, ul. Niegolewskich 3, Salon * SAY YES *<\/li>\n<li>Myszk\u00f3w, ul. Krasickego 1, Salon Firmowy * JOLA-MODA*<\/li>\n<li>Pszczyna, ul. Piastowska 8, Salon \u015alubny * PIAST*<\/li>\n<\/ol>\n<h2>Wojew\u00f3dztwo \u015awi\u0119tokrzyskie:<\/h2>\n<ol>\n<li>Busko Zdr\u00f3j, ul. Mickiewicza 6, Salon * ANNA *<\/li>\n<li>Busko Zdr\u00f3j, ul. Batorego 3, Salon * ANGEL *<\/li>\n<li>Kielce, ul. Warszawska 34 A\/28, Salon \u015alubny *INES*<\/li>\n<li>Ostrowiec \u015awi\u0119tokrzyski, ul. G\u00f3rzysta 6, Salon * MODNA PARA*<\/li>\n<li>Stasz\u00f3w, Krakowska 42, Salon * ANNA *<\/li>\n<\/ol>\n<p>[\/et_pb_text][\/et_pb_column][\/et_pb_row][\/et_pb_section]<\/p>\n","protected":false},"excerpt":{"rendered":"<p>\u0421\u0430\u043b\u043e\u043d\u044b \u0432 \u041f\u043e\u043b\u044c\u0448\u0435 Wojew\u00f3dztwo Pomorskie: Nowa Wie\u015b L\u0119borska, ul. Grunwaldzka 60, Salon Sukien \u015alubnych *DIANA* Pruszcz Gda\u0144ski, ul. Obro\u0144c\u00f3w Poczty Polskiej 1, Galeria \u015alubna * FIRST LADY * Sierakowice, ul. L\u0119borska 4a Salon \u015alubny * FELIS * S\u0142upsk, ul. Ko\u0142\u0142\u0105taja 15e, Salon Mody \u015alubnej * VERISA * \u017bukowo, ul.Ksi\u0105\u017c\u0105t Pomorskich 2F Salon \u015alubny *FELIS* Wojew\u00f3dztwo [&hellip;]<\/p>\n","protected":false},"author":4,"featured_media":0,"parent":0,"menu_order":0,"comment_status":"closed","ping_status":"closed","template":"","meta":{"_et_pb_use_builder":"on","_et_pb_old_content":"","_et_gb_content_width":"","footnotes":""},"class_list":["post-7390","page","type-page","status-publish","hentry"],"_links":{"self":[{"href":"https:\/\/www.jola-moda.pl\/ru\/wp-json\/wp\/v2\/pages\/7390","targetHints":{"allow":["GET"]}}],"collection":[{"href":"https:\/\/www.jola-moda.pl\/ru\/wp-json\/wp\/v2\/pages"}],"about":[{"href":"https:\/\/www.jola-moda.pl\/ru\/wp-json\/wp\/v2\/types\/page"}],"author":[{"embeddable":true,"href":"https:\/\/www.jola-moda.pl\/ru\/wp-json\/wp\/v2\/users\/4"}],"replies":[{"embeddable":true,"href":"https:\/\/www.jola-moda.pl\/ru\/wp-json\/wp\/v2\/comments?post=7390"}],"version-history":[{"count":0,"href":"https:\/\/www.jola-moda.pl\/ru\/wp-json\/wp\/v2\/pages\/7390\/revisions"}],"wp:attachment":[{"href":"https:\/\/www.jola-moda.pl\/ru\/wp-json\/wp\/v2\/media?parent=7390"}],"curies":[{"name":"wp","href":"https:\/\/api.w.org\/{rel}","templated":true}]}}

Салоны в Польше

<p>[et_pb_section fb_built=&#8221;1&#8243; fullwidth=&#8221;on&#8221; admin_label=&#8221;mapka &#8211; salony w polsce&#8221; _builder_version=&#8221;3.22&#8243;][et_pb_fullwidth_code admin_label=&#8221;mapka &#8211; salony w polsce&#8221; _builder_version=&#8221;3.17.6&#8243;]<iframe loading="lazy" src="https://www.google.com/maps/d/embed?mid=1ZJMYxp3-cmZY32uaS36K39JIXAx2qXjM" width="100%" height="500"></iframe>[/et_pb_fullwidth_code][/et_pb_section][et_pb_section fb_built=&#8221;1&#8243; _builder_version=&#8221;3.22&#8243;][et_pb_row _builder_version=&#8221;3.25&#8243; background_size=&#8221;initial&#8221; background_position=&#8221;top_left&#8221; background_repeat=&#8221;repeat&#8221;][et_pb_column type=&#8221;4_4&#8243; _builder_version=&#8221;3.25&#8243; custom_padding=&#8221;|||&#8221; custom_padding__hover=&#8221;|||&#8221;][et_pb_text admin_label=&#8221;nagłówek &#8211; salony w polsce&#8221; _builder_version=&#8221;4.3.4&#8243; header_font_size=&#8221;36px&#8221; hover_enabled=&#8221;0&#8243;]</p>
<h1>Салоны в Польше</h1>
<p>[/et_pb_text][/et_pb_column][/et_pb_row][et_pb_row column_structure=&#8221;1_2,1_2&#8243; admin_label=&#8221;salony_w_polsce_aktualizacja &#8211; 02-2020&#8243; _builder_version=&#8221;4.3.2&#8243;][et_pb_column type=&#8221;1_2&#8243; _builder_version=&#8221;3.25&#8243; custom_padding=&#8221;|||&#8221; custom_padding__hover=&#8221;|||&#8221;][et_pb_text admin_label=&#8221;salony w polsce &#8211; kol. 1&#8243; _builder_version=&#8221;4.3.2&#8243;]</p>
<h2>Województwo Pomorskie:</h2>
<ol>
<li>Nowa Wieś Lęborska, ul. Grunwaldzka 60, Salon Sukien Ślubnych *DIANA*</li>
<li>Pruszcz Gdański, ul. Obrońców Poczty Polskiej 1, Galeria Ślubna * FIRST LADY *</li>
<li>Sierakowice, ul. Lęborska 4a Salon Ślubny * FELIS *</li>
<li>Słupsk, ul. Kołłątaja 15e, Salon Mody Ślubnej * VERISA *</li>
<li>Żukowo, ul.Książąt Pomorskich 2F Salon Ślubny *FELIS*</li>
</ol>
<h2>Województwo Zachodnio-Pomorskie:</h2>
<ol>
<li>Nowogard, ul. Rzeszowskiego 10 Salon Ślubny * SANTA *</li>
<li>Szczecin, Krzywoustego 4, Salon *ADRIANA*</li>
<li>Szczecinek, ul. Wyszyńskiego 69A, Salon Ślubny * E-STYL *</li>
</ol>
<h2>Województwo Mazowieckie:</h2>
<ol>
<li>Gostynin, ul. Zamkowa 14a Pracownia Krawiecka * M&amp;R *</li>
<li>Warszawa &#8211; Ursynów, ul. Belgradzka 52, Suknie Ślubne i Wizytowe * COLLINTER *</li>
<li>Żyrardów, ul. POW 20/24 Salon Sukien Ślubnych</li>
</ol>
<h2>Województwo Warmińsko-Mazurskie:</h2>
<ol>
<li>Ełk, ul. Wojska Polskiego 12A, Salon Ślubny * BRIDAL DREAMS *</li>
<li>Olsztyn, ul. Partyzantów 79B, Studio * ANETT *</li>
</ol>
<h2>Województwo Kujawsko-Pomorskie:</h2>
<ol>
<li>Brodnica, ul. Podhalańska 18A, Suknie Ślubne * LUCYNA*</li>
</ol>
<h2>Województwo Podlaskie:</h2>
<ol>
<li>Suwałki , ul.Utrata 2c Salon *SCARLET*</li>
</ol>
<h2>Województwo Wielkopolskie:</h2>
<ol>
<li>Grodzisk Wielkopolski, ul. Bukowska 51 Salon Mody Ślubnej</li>
<li>Konin, ul. 3-go Maja 25, Centrum Mody Ślubnej</li>
<li>Leszno, ul. Wolności 27 Salon * MODNIARSTWO *</li>
<li>Nowy Tomyśl, Glinno 221, Salon Mody Ślubnej *JOANNA *</li>
<li>Witaszyce, Witaszyczki 24a Salon Ślubny * DANA *</li>
<li>Złotów, ul. Mickiewicza 1, Salon Ślubny * E-STYL *</li>
</ol>
<h2>Województwo Lubuskie:</h2>
<ol>
<li>Gorzów Wielkopolski, ul. Łokietka 32/33 Salon Sukien Ślubnych *LA MARIE S *</li>
<li>Gubin, ul. Wyspiańskiego 2F Salon Ślubny * SEKRET *</li>
<li>Słubice, Pl. Przyjaźni 27/1 * SEKRET*</li>
</ol>
<p>[/et_pb_text][/et_pb_column][et_pb_column type=&#8221;1_2&#8243; _builder_version=&#8221;3.25&#8243; custom_padding=&#8221;|||&#8221; custom_padding__hover=&#8221;|||&#8221;][et_pb_text admin_label=&#8221;salony w polsce &#8211; kol. 2&#8243; _builder_version=&#8221;4.3.2&#8243;]</p>
<h2>Województwo Łódzkie:</h2>
<ol>
<li>Bełchatów, Mielczarskiego 37a * Salon Ślubny MICHALINA *</li>
<li>Łódź, ul. Północna 1/3 Salon * EVITA MARIGE *</li>
<li>Rawa Mazowiecka, ul. Reymonta 4, Salon Ślubny * ANNA*</li>
</ol>
<h2>Województwo Dolnośląskie:</h2>
<ol>
<li>Głogów, ul. Balwierska 19 Salon Sukien Ślubnych * PAN TADEUSZ *</li>
<li>Świdnica, ul. Długa 37 Salon Mody Ślubnej i Wieczorowej * ELIN *</li>
<li>Wałbrzych, ul. Chrobrego 51 Salon * PARA SIEMPRE *</li>
</ol>
<h2>Województwo Podkarpackie:</h2>
<ol>
<li>Dębica, ul.Krakowska 7, Salon Sukien Ślubnych * JUSTYNA*</li>
<li>Leżajsk, ul. Mickewicza 110A, Salon Mody Ślubnej * JASMINA *</li>
<li>Mielec, ul. Kilińskiego 16, Salon Mody Ślubnej *ANNA*</li>
<li>Przeworsk, ul. Żytnia 49 Salon Ślubny * PRAKTYCZNA PANI *</li>
<li>Stalowa Wola, ul.Okuliskiego 60, Salon Mody Ślubnej *ANNA*</li>
</ol>
<h2>Województwo Małopolskie:</h2>
<ol>
<li>Bochnia, ul. Bracka 10, Salon Ślubny * ELIZA*</li>
<li>Kraków, ul. Św. Filipa 6, Salon Mody Ślubnej *EURO-MODA*</li>
<li>Kraków ul. Długa 17a, Suknie Ślubne *SEI BELLA*</li>
<li>Zakliczyn, ul. Rynek 7/2 Salon Ślubny * MONA LIZE *</li>
</ol>
<h2>Województwo Lubelskie:</h2>
<ol>
<li>Lublin, ul. Fabryczna 3A/10 Suknie Ślubne * LUISA*</li>
<li>Lublin, ul. Narutowicza 59 Suknie Ślubne * LUISA*</li>
<li>Kraśnik, ul. Mała 4, Centrum Ślubne *ABC PARTY *</li>
</ol>
<h2>Województwo Śląskie:</h2>
<ol>
<li>Bielsko, ul. Piastowska 4, Salon Ślubny * DONNA BIANCA*</li>
<li>Cieszyn, ul. Trzech Braci 3/2, Salon Ślubny *SENSUELLE*</li>
<li>Dąbrowa Górnicza, Ul. Górników Redenu 2 Suknie Ślubne</li>
<li>Kłobuck, ul. Staszica 17, Salon Ślubny *BIAŁA DAMA*</li>
<li>Lubliniec, ul. Niegolewskich 3, Salon * SAY YES *</li>
<li>Myszków, ul. Krasickego 1, Salon Firmowy * JOLA-MODA*</li>
<li>Pszczyna, ul. Piastowska 8, Salon Ślubny * PIAST*</li>
</ol>
<h2>Województwo Świętokrzyskie:</h2>
<ol>
<li>Busko Zdrój, ul. Mickiewicza 6, Salon * ANNA *</li>
<li>Busko Zdrój, ul. Batorego 3, Salon * ANGEL *</li>
<li>Kielce, ul. Warszawska 34 A/28, Salon Ślubny *INES*</li>
<li>Ostrowiec Świętokrzyski, ul. Górzysta 6, Salon * MODNA PARA*</li>
<li>Staszów, Krakowska 42, Salon * ANNA *</li>
</ol>
<p>[/et_pb_text][/et_pb_column][/et_pb_row][/et_pb_section]</p>

<p>Салоны в Польше Województwo Pomorskie: Nowa Wieś Lęborska, ul. Grunwaldzka 60, Salon Sukien Ślubnych *DIANA* Pruszcz Gdański, ul. Obrońców Poczty Polskiej 1, Galeria Ślubna * FIRST LADY * Sierakowice, ul. Lęborska 4a Salon Ślubny * FELIS * Słupsk, ul. Kołłątaja 15e, Salon Mody Ślubnej * VERISA * Żukowo, ul.Książąt Pomorskich 2F Salon Ślubny *FELIS* Województwo [&hellip;]</p>
