{"id":7236,"date":"2020-02-19T08:14:03","date_gmt":"2020-02-19T07:14:03","guid":{"rendered":"http:\/\/www.jola-moda.pl\/kolekcja-slubna-2020\/"},"modified":"2021-12-07T13:42:32","modified_gmt":"2021-12-07T12:42:32","slug":"wedding-collection-2020","status":"publish","type":"page","link":"http:\/\/www.jola-moda.pl\/en\/wedding-collection-2020\/","title":{"rendered":"Wedding collection 2020"},"content":{"rendered":"<p>[et_pb_section fb_built=&#8221;1&#8243; _builder_version=&#8221;4.3.4&#8243; background_color=&#8221;#ffffff&#8221; hover_enabled=&#8221;0&#8243;][et_pb_row column_structure=&#8221;1_4,1_2,1_4&#8243; _builder_version=&#8221;3.25&#8243;][et_pb_column type=&#8221;1_4&#8243; _builder_version=&#8221;3.25&#8243; custom_padding=&#8221;|||&#8221; custom_padding__hover=&#8221;|||&#8221;][\/et_pb_column][et_pb_column type=&#8221;1_2&#8243; _builder_version=&#8221;3.25&#8243; custom_padding=&#8221;|||&#8221; custom_padding__hover=&#8221;|||&#8221;][et_pb_text admin_label=&#8221;nag\u0142\u00f3wek &#8211; kolekcja \u015blubna&#8221; _builder_version=&#8221;4.3.2&#8243; background_color=&#8221;rgba(255,255,255,0.5)&#8221; text_orientation=&#8221;center&#8221; custom_padding=&#8221;20px|20px|20px|20px&#8221;]<\/p>\n<h1>Wedding collection 2020<\/h1>\n<p>[\/et_pb_text][\/et_pb_column][et_pb_column type=&#8221;1_4&#8243; _builder_version=&#8221;3.25&#8243; custom_padding=&#8221;|||&#8221; custom_padding__hover=&#8221;|||&#8221;][\/et_pb_column][\/et_pb_row][\/et_pb_section][et_pb_section fb_built=&#8221;1&#8243; _builder_version=&#8221;4.3.4&#8243; background_color=&#8221;#ffffff&#8221; hover_enabled=&#8221;0&#8243;][et_pb_row use_custom_gutter=&#8221;on&#8221; gutter_width=&#8221;2&#8243; make_equal=&#8221;on&#8221; _builder_version=&#8221;3.25&#8243; max_width=&#8221;1600px&#8221; use_custom_width=&#8221;on&#8221; custom_width_px=&#8221;1600px&#8221;][et_pb_column type=&#8221;4_4&#8243; _builder_version=&#8221;3.25&#8243; custom_padding=&#8221;|||&#8221; custom_padding__hover=&#8221;|||&#8221;][et_pb_gallery gallery_ids=&#8221;4002,4001,4000,3999,3998,3997,3996,3995,3994,3993,3992,3991,3990,3989,3988,3987,3986,3985,3984,3983,3982,3981,3980,3979,3978,3977,3976,3975,3974,3973,3972,3971,3970,3969,3968,3967,3966,3965,3964,3963,3962,3961,3960,3959,3958,3957,3956,3955,3954,3953,3952,3951,3950,3949,3948,3947,3946,3945,3944,3943,3942,3941,3940,3939,3938,3937,3936,3935,3934,3933,3932,3931,3930,3929,3928,3927,3926&#8243; posts_number=&#8221;24&#8243; db_image_max_width_tablet=&#8221;51&#8243; db_image_max_height_tablet=&#8221;501&#8243; db_image_row_spacing_tablet=&#8221;51&#8243; db_image_center_titles=&#8221;left&#8221; db_image_object_fit=&#8221;initial&#8221; orientation=&#8221;portrait&#8221; show_title_and_caption=&#8221;off&#8221; zoom_icon_color=&#8221;#e09900&#8243; hover_icon=&#8221;%%51%%&#8221; admin_label=&#8221;galeria &#8211; kolekcja slubna 2020&#8243; _builder_version=&#8221;4.0.11&#8243; caption_font=&#8221;|||on|||||&#8221; caption_font_size=&#8221;17&#8243; pagination_font=&#8221;Dosis|500||on|||||&#8221; pagination_text_color=&#8221;#b56c00&#8243; pagination_font_size=&#8221;17&#8243; animation_style=&#8221;fade&#8221; pagination_font_size_tablet=&#8221;51&#8243; pagination_line_height_tablet=&#8221;2&#8243; box_shadow_style_image=&#8221;preset1&#8243;][\/et_pb_gallery][\/et_pb_column][\/et_pb_row][\/et_pb_section]<\/p>\n","protected":false},"excerpt":{"rendered":"<p>Wedding collection 2020<\/p>\n","protected":false},"author":4,"featured_media":0,"parent":0,"menu_order":0,"comment_status":"closed","ping_status":"closed","template":"","meta":{"_et_pb_use_builder":"on","_et_pb_old_content":"","_et_gb_content_width":"","footnotes":""},"class_list":["post-7236","page","type-page","status-publish","hentry"],"_links":{"self":[{"href":"http:\/\/www.jola-moda.pl\/en\/wp-json\/wp\/v2\/pages\/7236","targetHints":{"allow":["GET"]}}],"collection":[{"href":"http:\/\/www.jola-moda.pl\/en\/wp-json\/wp\/v2\/pages"}],"about":[{"href":"http:\/\/www.jola-moda.pl\/en\/wp-json\/wp\/v2\/types\/page"}],"author":[{"embeddable":true,"href":"http:\/\/www.jola-moda.pl\/en\/wp-json\/wp\/v2\/users\/4"}],"replies":[{"embeddable":true,"href":"http:\/\/www.jola-moda.pl\/en\/wp-json\/wp\/v2\/comments?post=7236"}],"version-history":[{"count":0,"href":"http:\/\/www.jola-moda.pl\/en\/wp-json\/wp\/v2\/pages\/7236\/revisions"}],"wp:attachment":[{"href":"http:\/\/www.jola-moda.pl\/en\/wp-json\/wp\/v2\/media?parent=7236"}],"curies":[{"name":"wp","href":"https:\/\/api.w.org\/{rel}","templated":true}]}}

<p>[et_pb_section fb_built=&#8221;1&#8243; _builder_version=&#8221;4.3.4&#8243; background_color=&#8221;#ffffff&#8221; hover_enabled=&#8221;0&#8243;][et_pb_row column_structure=&#8221;1_4,1_2,1_4&#8243; _builder_version=&#8221;3.25&#8243;][et_pb_column type=&#8221;1_4&#8243; _builder_version=&#8221;3.25&#8243; custom_padding=&#8221;|||&#8221; custom_padding__hover=&#8221;|||&#8221;][/et_pb_column][et_pb_column type=&#8221;1_2&#8243; _builder_version=&#8221;3.25&#8243; custom_padding=&#8221;|||&#8221; custom_padding__hover=&#8221;|||&#8221;][et_pb_text admin_label=&#8221;nagłówek &#8211; kolekcja ślubna&#8221; _builder_version=&#8221;4.3.2&#8243; background_color=&#8221;rgba(255,255,255,0.5)&#8221; text_orientation=&#8221;center&#8221; custom_padding=&#8221;20px|20px|20px|20px&#8221;]</p>
<h1>Wedding collection 2020</h1>
<p>[/et_pb_text][/et_pb_column][et_pb_column type=&#8221;1_4&#8243; _builder_version=&#8221;3.25&#8243; custom_padding=&#8221;|||&#8221; custom_padding__hover=&#8221;|||&#8221;][/et_pb_column][/et_pb_row][/et_pb_section][et_pb_section fb_built=&#8221;1&#8243; _builder_version=&#8221;4.3.4&#8243; background_color=&#8221;#ffffff&#8221; hover_enabled=&#8221;0&#8243;][et_pb_row use_custom_gutter=&#8221;on&#8221; gutter_width=&#8221;2&#8243; make_equal=&#8221;on&#8221; _builder_version=&#8221;3.25&#8243; max_width=&#8221;1600px&#8221; use_custom_width=&#8221;on&#8221; custom_width_px=&#8221;1600px&#8221;][et_pb_column type=&#8221;4_4&#8243; _builder_version=&#8221;3.25&#8243; custom_padding=&#8221;|||&#8221; custom_padding__hover=&#8221;|||&#8221;][et_pb_gallery gallery_ids=&#8221;4002,4001,4000,3999,3998,3997,3996,3995,3994,3993,3992,3991,3990,3989,3988,3987,3986,3985,3984,3983,3982,3981,3980,3979,3978,3977,3976,3975,3974,3973,3972,3971,3970,3969,3968,3967,3966,3965,3964,3963,3962,3961,3960,3959,3958,3957,3956,3955,3954,3953,3952,3951,3950,3949,3948,3947,3946,3945,3944,3943,3942,3941,3940,3939,3938,3937,3936,3935,3934,3933,3932,3931,3930,3929,3928,3927,3926&#8243; posts_number=&#8221;24&#8243; db_image_max_width_tablet=&#8221;51&#8243; db_image_max_height_tablet=&#8221;501&#8243; db_image_row_spacing_tablet=&#8221;51&#8243; db_image_center_titles=&#8221;left&#8221; db_image_object_fit=&#8221;initial&#8221; orientation=&#8221;portrait&#8221; show_title_and_caption=&#8221;off&#8221; zoom_icon_color=&#8221;#e09900&#8243; hover_icon=&#8221;%%51%%&#8221; admin_label=&#8221;galeria &#8211; kolekcja slubna 2020&#8243; _builder_version=&#8221;4.0.11&#8243; caption_font=&#8221;|||on|||||&#8221; caption_font_size=&#8221;17&#8243; pagination_font=&#8221;Dosis|500||on|||||&#8221; pagination_text_color=&#8221;#b56c00&#8243; pagination_font_size=&#8221;17&#8243; animation_style=&#8221;fade&#8221; pagination_font_size_tablet=&#8221;51&#8243; pagination_line_height_tablet=&#8221;2&#8243; box_shadow_style_image=&#8221;preset1&#8243;][/et_pb_gallery][/et_pb_column][/et_pb_row][/et_pb_section]</p>
